{"id":2,"date":"2023-04-06T02:16:28","date_gmt":"2023-04-06T05:16:28","guid":{"rendered":"https:\/\/campolargo.guincho.vip\/?page_id=2"},"modified":"2026-01-31T11:28:23","modified_gmt":"2026-01-31T14:28:23","slug":"pagina-exemplo","status":"publish","type":"page","link":"https:\/\/campolargo.guincho.vip\/","title":{"rendered":"Guincho Campo Largo"},"content":{"rendered":"","protected":false},"excerpt":{"rendered":"<p>Precisou de Socorro? A Guincho Campo Largo est\u00e1 pronta para ajudar a qualquer hora do dia ou da noite. Atendimento Imediato ou Agendado, Pagamento Facilitado por PIX e Cart\u00f5es de Cr\u00e9dito e D\u00e9bito.<\/p>\n","protected":false},"author":1,"featured_media":53,"parent":0,"menu_order":0,"comment_status":"closed","ping_status":"closed","template":"template-blank.php","meta":{"_joinchat":[],"footnotes":""},"class_list":["post-2","page","type-page","status-publish","has-post-thumbnail","hentry"],"_hostinger_reach_plugin_has_subscription_block":false,"_hostinger_reach_plugin_is_elementor":false,"_links":{"self":[{"href":"https:\/\/campolargo.guincho.vip\/index.php?rest_route=\/wp\/v2\/pages\/2","targetHints":{"allow":["GET"]}}],"collection":[{"href":"https:\/\/campolargo.guincho.vip\/index.php?rest_route=\/wp\/v2\/pages"}],"about":[{"href":"https:\/\/campolargo.guincho.vip\/index.php?rest_route=\/wp\/v2\/types\/page"}],"author":[{"embeddable":true,"href":"https:\/\/campolargo.guincho.vip\/index.php?rest_route=\/wp\/v2\/users\/1"}],"replies":[{"embeddable":true,"href":"https:\/\/campolargo.guincho.vip\/index.php?rest_route=%2Fwp%2Fv2%2Fcomments&post=2"}],"version-history":[{"count":5,"href":"https:\/\/campolargo.guincho.vip\/index.php?rest_route=\/wp\/v2\/pages\/2\/revisions"}],"predecessor-version":[{"id":72,"href":"https:\/\/campolargo.guincho.vip\/index.php?rest_route=\/wp\/v2\/pages\/2\/revisions\/72"}],"wp:featuredmedia":[{"embeddable":true,"href":"https:\/\/campolargo.guincho.vip\/index.php?rest_route=\/wp\/v2\/media\/53"}],"wp:attachment":[{"href":"https:\/\/campolargo.guincho.vip\/index.php?rest_route=%2Fwp%2Fv2%2Fmedia&parent=2"}],"curies":[{"name":"wp","href":"https:\/\/api.w.org\/{rel}","templated":true}]}}